{"id":43,"date":"2026-03-31T07:27:52","date_gmt":"2026-03-31T07:27:52","guid":{"rendered":"https:\/\/10.kat-inst-studentje.si\/?post_type=product&#038;p=43"},"modified":"2026-03-31T07:35:37","modified_gmt":"2026-03-31T07:35:37","slug":"moski-parfum-moder","status":"publish","type":"product","link":"https:\/\/10.kat-inst-studentje.si\/?product=moski-parfum-moder","title":{"rendered":"mo\u0161ki parfum &#8211; moder"},"content":{"rendered":"<p><span>Xerjoff Erba Pura je uniseks parfum, ki zdru\u017euje sve\u017eino in sadne tone z orientalskimi notami. V zgornjih notah dominirajo sicilijanska pomaran\u010da, limeta in kalabrijska bergamotka, ki se razvijajo v sredozemski sadni vonj v sr\u010dnih notah. V zaklju\u010dnih notah beli mo\u0161us, jantar in madagaskarska vanilja ponujajo bogat, skrivnosten pridih. Ta parfum je namenjen vsakodnevni uporabi ali posebnim prilo\u017enostim, saj mojstrsko poudari edinstvenost svojega nosilca. Italijanska znamka Xerjoff, ustanovljena leta 2003, je znana po kompleksni proizvodnji ni\u0161nih di\u0161av, kjer skrbno izbrane sestavine nadaljujejo tradicijo parfumerije.<img loading=\"lazy\" decoding=\"async\" src=\"https:\/\/10.kat-inst-studentje.si\/wp-content\/uploads\/2026\/03\/31565779203perfume_3275950_960_720-300x190.jpg\" alt=\"\" width=\"300\" height=\"190\" class=\"alignnone size-medium wp-image-44\" srcset=\"https:\/\/10.kat-inst-studentje.si\/wp-content\/uploads\/2026\/03\/31565779203perfume_3275950_960_720-300x190.jpg 300w, https:\/\/10.kat-inst-studentje.si\/wp-content\/uploads\/2026\/03\/31565779203perfume_3275950_960_720-768x486.jpg 768w, https:\/\/10.kat-inst-studentje.si\/wp-content\/uploads\/2026\/03\/31565779203perfume_3275950_960_720-600x379.jpg 600w, https:\/\/10.kat-inst-studentje.si\/wp-content\/uploads\/2026\/03\/31565779203perfume_3275950_960_720.jpg 960w\" sizes=\"auto, (max-width: 300px) 100vw, 300px\" \/><\/span><\/p>\n","protected":false},"excerpt":{"rendered":"<p>Xerjoff Erba Pura je uniseks parfum, ki zdru\u017euje sve\u017eino in sadne tone z orientalskimi notami. V zgornjih notah dominirajo sicilijanska pomaran\u010da, limeta in kalabrijska bergamotka, ki se razvijajo v sredozemski sadni vonj v sr\u010dnih notah. V zaklju\u010dnih notah beli mo\u0161us, jantar in madagaskarska vanilja ponujajo bogat, skrivnosten pridih. Ta parfum [&hellip;]<\/p>\n","protected":false},"featured_media":0,"comment_status":"open","ping_status":"closed","template":"","meta":{"_themeisle_gutenberg_block_has_review":false},"product_brand":[],"product_cat":[17],"product_tag":[],"class_list":{"0":"post-43","1":"product","2":"type-product","3":"status-publish","5":"product_cat-moski-parfumi","7":"first","8":"instock","9":"sale","10":"shipping-taxable","11":"purchasable","12":"product-type-simple"},"yoast_head":"<!-- This site is optimized with the Yoast SEO plugin v27.3 - https:\/\/yoast.com\/product\/yoast-seo-wordpress\/ -->\n<title>mo\u0161ki parfum - moder - Student 10<\/title>\n<meta name=\"robots\" content=\"index, follow, max-snippet:-1, max-image-preview:large, max-video-preview:-1\" \/>\n<link rel=\"canonical\" href=\"https:\/\/10.kat-inst-studentje.si\/?product=moski-parfum-moder\" \/>\n<meta property=\"og:locale\" content=\"en_US\" \/>\n<meta property=\"og:type\" content=\"article\" \/>\n<meta property=\"og:title\" content=\"mo\u0161ki parfum - moder - Student 10\" \/>\n<meta property=\"og:description\" content=\"Xerjoff Erba Pura je uniseks parfum, ki zdru\u017euje sve\u017eino in sadne tone z orientalskimi notami. V zgornjih notah dominirajo sicilijanska pomaran\u010da, limeta in kalabrijska bergamotka, ki se razvijajo v sredozemski sadni vonj v sr\u010dnih notah. V zaklju\u010dnih notah beli mo\u0161us, jantar in madagaskarska vanilja ponujajo bogat, skrivnosten pridih. Ta parfum [&hellip;]\" \/>\n<meta property=\"og:url\" content=\"https:\/\/10.kat-inst-studentje.si\/?product=moski-parfum-moder\" \/>\n<meta property=\"og:site_name\" content=\"Student 10\" \/>\n<meta property=\"article:modified_time\" content=\"2026-03-31T07:35:37+00:00\" \/>\n<meta property=\"og:image\" content=\"https:\/\/10.kat-inst-studentje.si\/wp-content\/uploads\/2026\/03\/31565779203perfume_3275950_960_720.jpg\" \/>\n\t<meta property=\"og:image:width\" content=\"960\" \/>\n\t<meta property=\"og:image:height\" content=\"607\" \/>\n\t<meta property=\"og:image:type\" content=\"image\/jpeg\" \/>\n<meta name=\"twitter:card\" content=\"summary_large_image\" \/>\n<script type=\"application\/ld+json\" class=\"yoast-schema-graph\">{\"@context\":\"https:\\\/\\\/schema.org\",\"@graph\":[{\"@type\":\"WebPage\",\"@id\":\"https:\\\/\\\/10.kat-inst-studentje.si\\\/?product=moski-parfum-moder\",\"url\":\"https:\\\/\\\/10.kat-inst-studentje.si\\\/?product=moski-parfum-moder\",\"name\":\"mo\u0161ki parfum - moder - Student 10\",\"isPartOf\":{\"@id\":\"https:\\\/\\\/10.kat-inst-studentje.si\\\/#website\"},\"primaryImageOfPage\":{\"@id\":\"https:\\\/\\\/10.kat-inst-studentje.si\\\/?product=moski-parfum-moder#primaryimage\"},\"image\":{\"@id\":\"https:\\\/\\\/10.kat-inst-studentje.si\\\/?product=moski-parfum-moder#primaryimage\"},\"thumbnailUrl\":\"https:\\\/\\\/10.kat-inst-studentje.si\\\/wp-content\\\/uploads\\\/2026\\\/03\\\/31565779203perfume_3275950_960_720-300x190.jpg\",\"datePublished\":\"2026-03-31T07:27:52+00:00\",\"dateModified\":\"2026-03-31T07:35:37+00:00\",\"breadcrumb\":{\"@id\":\"https:\\\/\\\/10.kat-inst-studentje.si\\\/?product=moski-parfum-moder#breadcrumb\"},\"inLanguage\":\"en-US\",\"potentialAction\":[{\"@type\":\"ReadAction\",\"target\":[\"https:\\\/\\\/10.kat-inst-studentje.si\\\/?product=moski-parfum-moder\"]}]},{\"@type\":\"ImageObject\",\"inLanguage\":\"en-US\",\"@id\":\"https:\\\/\\\/10.kat-inst-studentje.si\\\/?product=moski-parfum-moder#primaryimage\",\"url\":\"https:\\\/\\\/10.kat-inst-studentje.si\\\/wp-content\\\/uploads\\\/2026\\\/03\\\/31565779203perfume_3275950_960_720.jpg\",\"contentUrl\":\"https:\\\/\\\/10.kat-inst-studentje.si\\\/wp-content\\\/uploads\\\/2026\\\/03\\\/31565779203perfume_3275950_960_720.jpg\",\"width\":960,\"height\":607},{\"@type\":\"BreadcrumbList\",\"@id\":\"https:\\\/\\\/10.kat-inst-studentje.si\\\/?product=moski-parfum-moder#breadcrumb\",\"itemListElement\":[{\"@type\":\"ListItem\",\"position\":1,\"name\":\"Home\",\"item\":\"https:\\\/\\\/10.kat-inst-studentje.si\\\/\"},{\"@type\":\"ListItem\",\"position\":2,\"name\":\"Shop\",\"item\":\"https:\\\/\\\/10.kat-inst-studentje.si\\\/?page_id=36\"},{\"@type\":\"ListItem\",\"position\":3,\"name\":\"mo\u0161ki parfum &#8211; moder\"}]},{\"@type\":\"WebSite\",\"@id\":\"https:\\\/\\\/10.kat-inst-studentje.si\\\/#website\",\"url\":\"https:\\\/\\\/10.kat-inst-studentje.si\\\/\",\"name\":\"Student 10\",\"description\":\"\",\"potentialAction\":[{\"@type\":\"SearchAction\",\"target\":{\"@type\":\"EntryPoint\",\"urlTemplate\":\"https:\\\/\\\/10.kat-inst-studentje.si\\\/?s={search_term_string}\"},\"query-input\":{\"@type\":\"PropertyValueSpecification\",\"valueRequired\":true,\"valueName\":\"search_term_string\"}}],\"inLanguage\":\"en-US\"}]}<\/script>\n<!-- \/ Yoast SEO plugin. -->","yoast_head_json":{"title":"mo\u0161ki parfum - moder - Student 10","robots":{"index":"index","follow":"follow","max-snippet":"max-snippet:-1","max-image-preview":"max-image-preview:large","max-video-preview":"max-video-preview:-1"},"canonical":"https:\/\/10.kat-inst-studentje.si\/?product=moski-parfum-moder","og_locale":"en_US","og_type":"article","og_title":"mo\u0161ki parfum - moder - Student 10","og_description":"Xerjoff Erba Pura je uniseks parfum, ki zdru\u017euje sve\u017eino in sadne tone z orientalskimi notami. V zgornjih notah dominirajo sicilijanska pomaran\u010da, limeta in kalabrijska bergamotka, ki se razvijajo v sredozemski sadni vonj v sr\u010dnih notah. V zaklju\u010dnih notah beli mo\u0161us, jantar in madagaskarska vanilja ponujajo bogat, skrivnosten pridih. Ta parfum [&hellip;]","og_url":"https:\/\/10.kat-inst-studentje.si\/?product=moski-parfum-moder","og_site_name":"Student 10","article_modified_time":"2026-03-31T07:35:37+00:00","og_image":[{"width":960,"height":607,"url":"https:\/\/10.kat-inst-studentje.si\/wp-content\/uploads\/2026\/03\/31565779203perfume_3275950_960_720.jpg","type":"image\/jpeg"}],"twitter_card":"summary_large_image","schema":{"@context":"https:\/\/schema.org","@graph":[{"@type":"WebPage","@id":"https:\/\/10.kat-inst-studentje.si\/?product=moski-parfum-moder","url":"https:\/\/10.kat-inst-studentje.si\/?product=moski-parfum-moder","name":"mo\u0161ki parfum - moder - Student 10","isPartOf":{"@id":"https:\/\/10.kat-inst-studentje.si\/#website"},"primaryImageOfPage":{"@id":"https:\/\/10.kat-inst-studentje.si\/?product=moski-parfum-moder#primaryimage"},"image":{"@id":"https:\/\/10.kat-inst-studentje.si\/?product=moski-parfum-moder#primaryimage"},"thumbnailUrl":"https:\/\/10.kat-inst-studentje.si\/wp-content\/uploads\/2026\/03\/31565779203perfume_3275950_960_720-300x190.jpg","datePublished":"2026-03-31T07:27:52+00:00","dateModified":"2026-03-31T07:35:37+00:00","breadcrumb":{"@id":"https:\/\/10.kat-inst-studentje.si\/?product=moski-parfum-moder#breadcrumb"},"inLanguage":"en-US","potentialAction":[{"@type":"ReadAction","target":["https:\/\/10.kat-inst-studentje.si\/?product=moski-parfum-moder"]}]},{"@type":"ImageObject","inLanguage":"en-US","@id":"https:\/\/10.kat-inst-studentje.si\/?product=moski-parfum-moder#primaryimage","url":"https:\/\/10.kat-inst-studentje.si\/wp-content\/uploads\/2026\/03\/31565779203perfume_3275950_960_720.jpg","contentUrl":"https:\/\/10.kat-inst-studentje.si\/wp-content\/uploads\/2026\/03\/31565779203perfume_3275950_960_720.jpg","width":960,"height":607},{"@type":"BreadcrumbList","@id":"https:\/\/10.kat-inst-studentje.si\/?product=moski-parfum-moder#breadcrumb","itemListElement":[{"@type":"ListItem","position":1,"name":"Home","item":"https:\/\/10.kat-inst-studentje.si\/"},{"@type":"ListItem","position":2,"name":"Shop","item":"https:\/\/10.kat-inst-studentje.si\/?page_id=36"},{"@type":"ListItem","position":3,"name":"mo\u0161ki parfum &#8211; moder"}]},{"@type":"WebSite","@id":"https:\/\/10.kat-inst-studentje.si\/#website","url":"https:\/\/10.kat-inst-studentje.si\/","name":"Student 10","description":"","potentialAction":[{"@type":"SearchAction","target":{"@type":"EntryPoint","urlTemplate":"https:\/\/10.kat-inst-studentje.si\/?s={search_term_string}"},"query-input":{"@type":"PropertyValueSpecification","valueRequired":true,"valueName":"search_term_string"}}],"inLanguage":"en-US"}]}},"_links":{"self":[{"href":"https:\/\/10.kat-inst-studentje.si\/index.php?rest_route=\/wp\/v2\/product\/43","targetHints":{"allow":["GET"]}}],"collection":[{"href":"https:\/\/10.kat-inst-studentje.si\/index.php?rest_route=\/wp\/v2\/product"}],"about":[{"href":"https:\/\/10.kat-inst-studentje.si\/index.php?rest_route=\/wp\/v2\/types\/product"}],"replies":[{"embeddable":true,"href":"https:\/\/10.kat-inst-studentje.si\/index.php?rest_route=%2Fwp%2Fv2%2Fcomments&post=43"}],"wp:attachment":[{"href":"https:\/\/10.kat-inst-studentje.si\/index.php?rest_route=%2Fwp%2Fv2%2Fmedia&parent=43"}],"wp:term":[{"taxonomy":"product_brand","embeddable":true,"href":"https:\/\/10.kat-inst-studentje.si\/index.php?rest_route=%2Fwp%2Fv2%2Fproduct_brand&post=43"},{"taxonomy":"product_cat","embeddable":true,"href":"https:\/\/10.kat-inst-studentje.si\/index.php?rest_route=%2Fwp%2Fv2%2Fproduct_cat&post=43"},{"taxonomy":"product_tag","embeddable":true,"href":"https:\/\/10.kat-inst-studentje.si\/index.php?rest_route=%2Fwp%2Fv2%2Fproduct_tag&post=43"}],"curies":[{"name":"wp","href":"https:\/\/api.w.org\/{rel}","templated":true}]}}