{"id":42,"date":"2026-03-31T07:22:41","date_gmt":"2026-03-31T07:22:41","guid":{"rendered":"https:\/\/10.kat-inst-studentje.si\/?post_type=product&#038;p=42"},"modified":"2026-03-31T07:35:03","modified_gmt":"2026-03-31T07:35:03","slug":"zenski-parfum-crn","status":"publish","type":"product","link":"https:\/\/10.kat-inst-studentje.si\/?product=zenski-parfum-crn","title":{"rendered":"\u017eenski parfum &#8211; \u010drn"},"content":{"rendered":"<div id=\"pd-description-text\" data-testid=\"pd-description-text\" class=\"dpppq6z\">\n<p>Odkrijte uniseks parfum Afnan 9 PM Night Out, ki je enako izviren kot vi. Samo od vas je odvisno, pri kateri prilo\u017enosti pustite, da pride na va\u0161i ko\u017ei do izraza njegov izredno bogati vonj. Par kapljic zadostuje in svet vam bo le\u017eal pred nogami.<\/p>\n<ul>\n<li>za\u010dimbna di\u0161ava<\/li>\n<li>lesna di\u0161ava<\/li>\n<li>sadna di\u0161ava<\/li>\n<li>za vse, ki se ne bojijo izstopiti iz mno\u017eice<\/li>\n<li>edinstvena di\u0161ava za posebne prilo\u017enosti<\/li>\n<li>uniseks di\u0161ava<\/li>\n<\/ul>\n<\/div>\n","protected":false},"excerpt":{"rendered":"<p>Odkrijte uniseks parfum Afnan 9 PM Night Out, ki je enako izviren kot vi. Samo od vas je odvisno, pri kateri prilo\u017enosti pustite, da pride na va\u0161i ko\u017ei do izraza njegov izredno bogati vonj. Par kapljic zadostuje in svet vam bo le\u017eal pred nogami. za\u010dimbna di\u0161ava lesna di\u0161ava sadna di\u0161ava [&hellip;]<\/p>\n","protected":false},"featured_media":0,"comment_status":"open","ping_status":"closed","template":"","meta":{"_themeisle_gutenberg_block_has_review":false},"product_brand":[],"product_cat":[16,18],"product_tag":[],"class_list":{"0":"post-42","1":"product","2":"type-product","3":"status-publish","5":"product_cat-uncategorized","6":"product_cat-zenski-parfumi","8":"first","9":"instock","10":"sale","11":"shipping-taxable","12":"purchasable","13":"product-type-simple"},"yoast_head":"<!-- This site is optimized with the Yoast SEO plugin v27.3 - https:\/\/yoast.com\/product\/yoast-seo-wordpress\/ -->\n<title>\u017eenski parfum - \u010drn - Student 10<\/title>\n<meta name=\"robots\" content=\"index, follow, max-snippet:-1, max-image-preview:large, max-video-preview:-1\" \/>\n<link rel=\"canonical\" href=\"https:\/\/10.kat-inst-studentje.si\/?product=zenski-parfum-crn\" \/>\n<meta property=\"og:locale\" content=\"en_US\" \/>\n<meta property=\"og:type\" content=\"article\" \/>\n<meta property=\"og:title\" content=\"\u017eenski parfum - \u010drn - Student 10\" \/>\n<meta property=\"og:description\" content=\"Odkrijte uniseks parfum Afnan 9 PM Night Out, ki je enako izviren kot vi. Samo od vas je odvisno, pri kateri prilo\u017enosti pustite, da pride na va\u0161i ko\u017ei do izraza njegov izredno bogati vonj. Par kapljic zadostuje in svet vam bo le\u017eal pred nogami. za\u010dimbna di\u0161ava lesna di\u0161ava sadna di\u0161ava [&hellip;]\" \/>\n<meta property=\"og:url\" content=\"https:\/\/10.kat-inst-studentje.si\/?product=zenski-parfum-crn\" \/>\n<meta property=\"og:site_name\" content=\"Student 10\" \/>\n<meta property=\"article:modified_time\" content=\"2026-03-31T07:35:03+00:00\" \/>\n<meta name=\"twitter:card\" content=\"summary_large_image\" \/>\n<script type=\"application\/ld+json\" class=\"yoast-schema-graph\">{\"@context\":\"https:\\\/\\\/schema.org\",\"@graph\":[{\"@type\":\"WebPage\",\"@id\":\"https:\\\/\\\/10.kat-inst-studentje.si\\\/?product=zenski-parfum-crn\",\"url\":\"https:\\\/\\\/10.kat-inst-studentje.si\\\/?product=zenski-parfum-crn\",\"name\":\"\u017eenski parfum - \u010drn - Student 10\",\"isPartOf\":{\"@id\":\"https:\\\/\\\/10.kat-inst-studentje.si\\\/#website\"},\"datePublished\":\"2026-03-31T07:22:41+00:00\",\"dateModified\":\"2026-03-31T07:35:03+00:00\",\"breadcrumb\":{\"@id\":\"https:\\\/\\\/10.kat-inst-studentje.si\\\/?product=zenski-parfum-crn#breadcrumb\"},\"inLanguage\":\"en-US\",\"potentialAction\":[{\"@type\":\"ReadAction\",\"target\":[\"https:\\\/\\\/10.kat-inst-studentje.si\\\/?product=zenski-parfum-crn\"]}]},{\"@type\":\"BreadcrumbList\",\"@id\":\"https:\\\/\\\/10.kat-inst-studentje.si\\\/?product=zenski-parfum-crn#breadcrumb\",\"itemListElement\":[{\"@type\":\"ListItem\",\"position\":1,\"name\":\"Home\",\"item\":\"https:\\\/\\\/10.kat-inst-studentje.si\\\/\"},{\"@type\":\"ListItem\",\"position\":2,\"name\":\"Shop\",\"item\":\"https:\\\/\\\/10.kat-inst-studentje.si\\\/?page_id=36\"},{\"@type\":\"ListItem\",\"position\":3,\"name\":\"\u017eenski parfum &#8211; \u010drn\"}]},{\"@type\":\"WebSite\",\"@id\":\"https:\\\/\\\/10.kat-inst-studentje.si\\\/#website\",\"url\":\"https:\\\/\\\/10.kat-inst-studentje.si\\\/\",\"name\":\"Student 10\",\"description\":\"\",\"potentialAction\":[{\"@type\":\"SearchAction\",\"target\":{\"@type\":\"EntryPoint\",\"urlTemplate\":\"https:\\\/\\\/10.kat-inst-studentje.si\\\/?s={search_term_string}\"},\"query-input\":{\"@type\":\"PropertyValueSpecification\",\"valueRequired\":true,\"valueName\":\"search_term_string\"}}],\"inLanguage\":\"en-US\"}]}<\/script>\n<!-- \/ Yoast SEO plugin. -->","yoast_head_json":{"title":"\u017eenski parfum - \u010drn - Student 10","robots":{"index":"index","follow":"follow","max-snippet":"max-snippet:-1","max-image-preview":"max-image-preview:large","max-video-preview":"max-video-preview:-1"},"canonical":"https:\/\/10.kat-inst-studentje.si\/?product=zenski-parfum-crn","og_locale":"en_US","og_type":"article","og_title":"\u017eenski parfum - \u010drn - Student 10","og_description":"Odkrijte uniseks parfum Afnan 9 PM Night Out, ki je enako izviren kot vi. Samo od vas je odvisno, pri kateri prilo\u017enosti pustite, da pride na va\u0161i ko\u017ei do izraza njegov izredno bogati vonj. Par kapljic zadostuje in svet vam bo le\u017eal pred nogami. za\u010dimbna di\u0161ava lesna di\u0161ava sadna di\u0161ava [&hellip;]","og_url":"https:\/\/10.kat-inst-studentje.si\/?product=zenski-parfum-crn","og_site_name":"Student 10","article_modified_time":"2026-03-31T07:35:03+00:00","twitter_card":"summary_large_image","schema":{"@context":"https:\/\/schema.org","@graph":[{"@type":"WebPage","@id":"https:\/\/10.kat-inst-studentje.si\/?product=zenski-parfum-crn","url":"https:\/\/10.kat-inst-studentje.si\/?product=zenski-parfum-crn","name":"\u017eenski parfum - \u010drn - Student 10","isPartOf":{"@id":"https:\/\/10.kat-inst-studentje.si\/#website"},"datePublished":"2026-03-31T07:22:41+00:00","dateModified":"2026-03-31T07:35:03+00:00","breadcrumb":{"@id":"https:\/\/10.kat-inst-studentje.si\/?product=zenski-parfum-crn#breadcrumb"},"inLanguage":"en-US","potentialAction":[{"@type":"ReadAction","target":["https:\/\/10.kat-inst-studentje.si\/?product=zenski-parfum-crn"]}]},{"@type":"BreadcrumbList","@id":"https:\/\/10.kat-inst-studentje.si\/?product=zenski-parfum-crn#breadcrumb","itemListElement":[{"@type":"ListItem","position":1,"name":"Home","item":"https:\/\/10.kat-inst-studentje.si\/"},{"@type":"ListItem","position":2,"name":"Shop","item":"https:\/\/10.kat-inst-studentje.si\/?page_id=36"},{"@type":"ListItem","position":3,"name":"\u017eenski parfum &#8211; \u010drn"}]},{"@type":"WebSite","@id":"https:\/\/10.kat-inst-studentje.si\/#website","url":"https:\/\/10.kat-inst-studentje.si\/","name":"Student 10","description":"","potentialAction":[{"@type":"SearchAction","target":{"@type":"EntryPoint","urlTemplate":"https:\/\/10.kat-inst-studentje.si\/?s={search_term_string}"},"query-input":{"@type":"PropertyValueSpecification","valueRequired":true,"valueName":"search_term_string"}}],"inLanguage":"en-US"}]}},"_links":{"self":[{"href":"https:\/\/10.kat-inst-studentje.si\/index.php?rest_route=\/wp\/v2\/product\/42","targetHints":{"allow":["GET"]}}],"collection":[{"href":"https:\/\/10.kat-inst-studentje.si\/index.php?rest_route=\/wp\/v2\/product"}],"about":[{"href":"https:\/\/10.kat-inst-studentje.si\/index.php?rest_route=\/wp\/v2\/types\/product"}],"replies":[{"embeddable":true,"href":"https:\/\/10.kat-inst-studentje.si\/index.php?rest_route=%2Fwp%2Fv2%2Fcomments&post=42"}],"wp:attachment":[{"href":"https:\/\/10.kat-inst-studentje.si\/index.php?rest_route=%2Fwp%2Fv2%2Fmedia&parent=42"}],"wp:term":[{"taxonomy":"product_brand","embeddable":true,"href":"https:\/\/10.kat-inst-studentje.si\/index.php?rest_route=%2Fwp%2Fv2%2Fproduct_brand&post=42"},{"taxonomy":"product_cat","embeddable":true,"href":"https:\/\/10.kat-inst-studentje.si\/index.php?rest_route=%2Fwp%2Fv2%2Fproduct_cat&post=42"},{"taxonomy":"product_tag","embeddable":true,"href":"https:\/\/10.kat-inst-studentje.si\/index.php?rest_route=%2Fwp%2Fv2%2Fproduct_tag&post=42"}],"curies":[{"name":"wp","href":"https:\/\/api.w.org\/{rel}","templated":true}]}}